-3)/(-1). Let t(u) = u**3 + 9*u**2 + 5*u - 13. Let c be t(i). What is the greatest common divisor of 150 and c?
50
Suppose 15*l - 10*l = -3*w + 4, 0 = 4*l + 16. Let z(u) = -u**2 + 10*u - 8. Let f be z(6). Calculate the greatest common divisor of w and f.
8
Suppose c + 204 = 2*c. Suppose p - c = -2*p - 4*b, 5*p + 4*b = 348. Suppose -5*o = -10 - 35. Calculate the highest common factor of o and p.
9
Let b be -2 + 1 + -1 + 6. Suppose 0 = -b*j - j + 160. Let c be (24/j)/(2/80). What is the highest common divisor of c and 6?
6
Let g be 3 - (-2)/(-2) - -9. Suppose 27 = m - u, -u - 126 = 6*m - 10*m. Calculate the highest common divisor of m and g.
11
Suppose -57*t - 246 = -63*t. Suppose t + 219 = 4*y. What is the greatest common divisor of y and 5?
5
Let c be 57 - (10 + (-3 - -6)). What is the greatest common factor of c and 143?
11
Let m be 12/(-5) - (2 - 36/15). Let w be 57*(m + 14/6). Let z(y) = -26*y - 2. Let d be z(-3). What is the greatest common factor of w and d?
19
Suppose -k = -o + 176, -9*k = -13*k. Suppose -4*g + 6*b - b = -19, 0 = -5*g + b + 29. Let f = g - -10. Calculate the highest common divisor of f and o.
16
Let f(r) = r + 20. Let m be f(-6). What is the greatest common divisor of m and 42?
14
Let u(i) = 9*i - 26. Let o be u(-7). Let f be 1/(-2)*-3*(-5 - o). Calculate the greatest common factor of 14 and f.
14
Suppose -5*s + 3*r = 4*r - 81, -5*r + 5 = 0. Calculate the greatest common factor of s and 1744.
16
Suppose -15*u = -6*u - 36. Suppose -18 - 46 = -u*n. Calculate the highest common factor of 4 and n.
4
Suppose -272 = -0*p - 8*p. Suppose 0 = 5*y + 3*l, -14 = -4*l - p. Calculate the greatest common factor of 24 and y.
3
Suppose k + 10 = m - 0*k, -3*m = -5*k - 34. Suppose -d + 54 = 3*o, 0 = -4*o - d + 64 + 7. Let g = -1 + o. Calculate the greatest common divisor of m and g.
8
Suppose 4*w = 6*w. Suppose -4*x + w + 28 = 0. What is the greatest common factor of 21 and x?
7
Let o = -62 - -206. Calculate the highest common divisor of 18 and o.
18
Let m be (-315)/(-18)*184/10. Calculate the greatest common factor of m and 14.
14
Suppose -21*r = -15*r - 30. Suppose 5*g - g = 20, -3*g + 565 = r*o. What is the greatest common factor of o and 10?
10
Suppose 3*m - 12 = 0, -2*n + 13 + 9 = -2*m. Let r be (-2)/4 + 302/4. Suppose 2*x - r = -3*x. What is the highest common factor of n and x?
15
Suppose -656 + 176 = -3*m. Let b = 24 + -4. What is the highest common divisor of b and m?
20
Let c be -10*(18/81 + 10/36). Let p(k) = 4*k**2 + 6*k + 14. Let i be p(c). What is the greatest common factor of 63 and i?
21
Let d = 357 - 245. Suppose -3*z = -5*w + 88, 3*z = -4*w - w + d. Let a(n) = n - 1. Let q be a(5). Calculate the greatest common divisor of w and q.
4
Suppose 365*x = 362*x + 126. Calculate the greatest common divisor of x and 84.
42
Suppose 4*k = 3805 - 3773. What is the greatest common divisor of 344 and k?
8
Suppose 47*k + 11*k - 1218 = 0. Let t = 33 + -19. What is the highest common divisor of t and k?
7
Suppose -5*n - 14 = -64. Suppose -i + 15 = 2*i, -w + 4*i = 26. Let a be (-40)/w*(-5 - -11). What is the greatest common divisor of n and a?
10
Let d be 6/((-126)/91)*-42. Calculate the highest common divisor of 52 and d.
26
Let x = -131 + 96. Let r be ((-96)/20)/(-6)*x/(-2). What is the greatest common divisor of 35 and r?
7
Suppose 10*l + 61 - 151 = 0. What is the highest common divisor of l and 6?
3
Suppose 5*x = 7*x - 80. Let m be 5/x - 23/(-8). What is the highest common divisor of m and 9?
3
Suppose -3*y - y + 4 = 0. Suppose -3*h + 2*c + 3*c = -23, -2*h - c = 2. Suppose -10*r + 11 = h. What is the highest common divisor of y and r?
1
Let j(o) be the third derivative of -o**6/120 + 7*o**5/60 + o**4/3 + 3*o**3 - 8*o**2. Let w be j(8). What is the greatest common divisor of 162 and w?
18
Let p be (-2)/12 - 365/(-30). What is the highest common factor of 6 and p?
6
Let o be 1 + 2/(-2)*12. Let q = o + 19. Suppose t - 13 - q = 0. Calculate the greatest common factor of 14 and t.
7
Let g(c) = -c**3 + 5*c**2 - 2*c - 4. Let o be g(4). Let j be -4*(-36)/16 - 1. What is the greatest common factor of o and j?
4
Let p(d) = 11*d - 610. Let f be p(65). Suppose 0 = 5*y + t - 78, 0*y + 3*y = t + 42. What is the greatest common factor of y and f?
15
Let d be ((-4)/12)/(1/(-393)). Let t = d + -129. Suppose m = -2*w + 22, w + 3*m + 1 - 17 = 0. Calculate the highest common factor of t and w.
2
Let j be 4*3*(-330)/(-36). Let b be (0 + 132/(-15))*-5. What is the highest common divisor of j and b?
22
Let s = -60 - -70. Let r be (-1 + -4)/(-4 + 3). Suppose r*z + 0*z = s. Calculate the greatest common divisor of 4 and z.
2
Let k = -23 - -26. Suppose -2*q = -2*b + 6, -b + q + 12 = k*b. What is the highest common divisor of 21 and b?
3
Let k(b) = b**3 - 14*b**2 + 11*b - 20. Let m be k(13). Let w = 67 + m. What is the greatest common divisor of 84 and w?
21
Let l(q) = -2*q**3 - 11*q**2 - 4*q - 10. Let m be l(-6). Let k be 58/((-5)/(m/(-4))). What is the highest common divisor of k and 29?
29
Let s = -96 - -126. Calculate the greatest common divisor of 12 and s.
6
Suppose b - 3 = -5*j - 2, 4*b + 2*j = 40. Suppose 11 - 99 = -2*c. What is the highest common factor of c and b?
11
Let v(o) be the second derivative of 17*o**4/12 - o**3/6 + o. Let k be 0/6 - 6 - -5. Let c be v(k). What is the highest common factor of c and 12?
6
Let t be 14 + 0 + (-2 - 2). What is the greatest common divisor of 215 and t?
5
Let s = 4 + -6. Let n be 0 + 0 - 10/s. Let g = n - -12. Calculate the highest common divisor of g and 51.
17
Suppose -14 = -4*g - 2*f, -5*f + 11 = -3*g + 5*g. Suppose -14*j + g*j = -1144. What is the greatest common divisor of j and 52?
52
Suppose 4*p - 24 = 32. Calculate the greatest common divisor of 168 and p.
14
Let l(t) = -9*t**2 - 124*t - 20. Let d be l(-12). Calculate the greatest common factor of d and 215.
43
Let v be ((-2)/(-6))/(-7 - 1477/(-210)). Suppose -5*f = v - 70. Calculate the greatest common divisor of f and 12.
12
Let v be (-1)/(5/30) + 3. Suppose 135 = f - 0*f. Let y be (36/(-30))/(v/f). Calculate the highest common factor of 27 and y.
27
Suppose 335 = 4*t - 3*z, -2*z - z + 412 = 5*t. Calculate the greatest common factor of t and 83.
83
Let r(t) = -t**2 + 27*t + 208. Let l be r(-6). Suppose 4*f = 1 + 159. Calculate the highest common factor of l and f.
10
Suppose 0 = h + 1159 - 1687. Calculate the highest common factor of h and 44.
44
Let b(t) = 74*t**3 - t**2 + 1. Let z be b(-1). Let s = z - -81. Calculate the greatest common factor of 14 and s.
7
Suppose 689 = 11*m - 1192. Suppose 8 = -5*a - c + 101, 9 = a + 5*c. What is the highest common divisor of m and a?
19
Let p be 1/4 + (3 - (-500)/(-16)). Let g be 4/(p/(-1)) + 2737/49. What is the highest common divisor of g and 16?
8
Let t = 65 + -60. Suppose 0*u - 3*u + 18 = -t*p, 4*p - 18 = -3*u. Calculate the highest common factor of 42 and u.
6
Let x be ((-494)/(-190))/((-2)/(-10)) + 3. Calculate the greatest common factor of x and 352.
16
Let t(l) be the second derivative of 0 - 3/2*l**3 - 6*l - l**2 + 1/12*l**4. Let q be t(10). Calculate the highest common divisor of 12 and q.
4
Let j = 616 + -582. What is the highest common factor of 2006 and j?
34
Suppose -2*s = -5*p + p - 6, 3*p = 3*s - 15. Suppose -3 + s = 2*q. Let b = 296 + -274. Calculate the highest common divisor of b and q.
2
Let g(o) be the third derivative of -o**4/24 - o**3/6 - 7*o**2. Let c be g(-1). Suppose c = -6*l + 432 - 60. Calculate the greatest common divisor of 155 and l.
31
Suppose -i - 1 = -2*i. Suppose -i = c - a - 4, -2*c + a = -4. What is the greatest common divisor of 1 and c?
1
Suppose 4*f - 28 = 4*m, -4*m + f + 11 = 51. Let g be (-8616)/(-44) - 2/m. Let q be (3 + -3 - 14)*-2. Calculate the highest common factor of q and g.
28
Let x be (6/(-2) - (-135)/21)*28. Calculate the highest common divisor of 216 and x.
24
Suppose -2*u + 24 = 3*k - 3*u, k = -u + 4. Suppose 3*i = k*i - 16. Let l(j) = j + 17. Let n be l(-5). What is the greatest common factor of i and n?
4
Let l = -95 + 109. Suppose -15*c + 189 = -l*c. Calculate the greatest common divisor of c and 27.
27
Let k be 12/(((-12)/(-33))/2). Suppose -4*a + 2456 = -4*m, 0 = 3*m + 2*m - 10. Let c be (-2)/(-15) - a/(-105). Calculate the highest common divisor of k a